 = -b. Suppose l = -h + b*h - 21, -4*h + 5*l = -39. What are the prime factors of h?
11
Suppose -4*z + 32 = -0. Let o = z + -6. What are the prime factors of o?
2
Let b = 19 + -9. Suppose -9 = 3*g - 3*d, 0 = -2*d + 11 - 1. Suppose -g*j = -b - 10. List the prime factors of j.
2, 5
Suppose 5*n - 11 = -66. Let r = 14 + n. List the prime factors of r.
3
Suppose -l - l + 12 = 0. Suppose -5*p - u = -79, -34 = -4*p + 5*u + l. What are the prime factors of p?
3, 5
Let n be 1*2*-1*-1. What are the prime factors of (40/12)/(n/6)?
2, 5
List the prime factors of ((-93)/(-5))/((-33)/(-110)).
2, 31
Let f = 5 - 4. Let x(d) = 23*d - 1. Let b be x(f). Suppose o + 4*p - 19 = -2*o, 0 = -4*o - 2*p + b. What are the prime factors of o?
5
Let k be 2/(-4)*2 + 3. Suppose -5*q + k*u + 40 = -4*q, -4*u - 8 = 0. What are the prime factors of q?
2, 3
Let t = 66 - 49. What are the prime factors of t?
17
Suppose -9*p + 140 = -4*p. List the prime factors of p.
2, 7
Suppose -2*q = -5*q + 4*r + 68, 44 = 2*q - 3*r. Suppose -4*k = -4*p - 11 - 17, -4*k + q = 3*p. List the prime factors of k.
7
Let j = -37 - -95. What are the prime factors of j?
2, 29
Let u(b) = -9*b - 10. What are the prime factors of u(-4)?
2, 13
Let h = -130 - -238. List the prime factors of h/45*20/3.
2
Let h be (-18)/(-4) - (-2)/(-4). Let f = 14 - h. List the prime factors of f.
2, 5
Let h = -624 + 312. What are the prime factors of (-1)/5 - h/10?
31
Suppose 0 = -5*l + 46 + 114. Let u(r) = -r**3 + r**2. Let t be u(1). Suppose 3*k = -3*f + 42, -2*f - 4*k = -t*f - l. What are the prime factors of f?
2, 3
Let r = 12 - -3. List the prime factors of r.
3, 5
Let k(p) = -p - 11. Let m(f) = f + 11. Let s be 5/2 - (-1)/2. Let v(o) = s*k(o) + 4*m(o). List the prime factors of v(0).
11
Suppose -2*x = 5 - 11. List the prime factors of x.
3
Let h = -49 - -103. What are the prime factors of h?
2, 3
Let b(w) = -11*w - 5. Let j be b(-6). Suppose 5*c - y = j, -5*y = -3*c + 4*c - 7. What are the prime factors of c?
2, 3
Suppose 4*u + 8 = 0, -w + 8 = -0*u - 2*u. Suppose d = -w*d. Suppose d = -r - 2 + 11. List the prime factors of r.
3
Let w(c) = 12*c**3 + c**2 + 3*c + 1. List the prime factors of w(3).
7
List the prime factors of (5 + 1)/((-6)/(-27)).
3
Suppose 0 = -z - k + 222, -5*z - k + 3*k = -1117. What are the prime factors of z?
223
Let x(l) = 0 - 2*l + 3 - 2. What are the prime factors of x(-4)?
3
Let n = -11 - -23. What are the prime factors of 2/n - (-2167)/66?
3, 11
Let y be 2/(-1)*3/(-2). Let i = -4 + y. List the prime factors of (i - 12)*(0 - 1).
13
Suppose 4*h - 322 = 2*f, -4*h - 6*f + 316 = -10*f. List the prime factors of h.
2, 41
Suppose 3*z + 2*z = 20. Suppose 0 = -0*d + 2*d - q - 8, z*d - 6 = -3*q. Suppose -d*b = -4*h - 20, -4*b - 4*h + 7 = -57. List the prime factors of b.
2, 3
Suppose -4*k + m + 186 = 0, -2*k + 7*k - 222 = -4*m. What are the prime factors of k?
2, 23
Suppose -5*h = -3*g + 115, 5*h - h - 132 = -4*g. List the prime factors of g.
5, 7
Suppose 2*p + 4 = 4*p - 4*f, 4*p + 3*f - 30 = 0. List the prime factors of p.
2, 3
Suppose -27*i + 22*i + 720 = 0. What are the prime factors of i?
2, 3
Let r = -8 + 11. Suppose -2*h + r*h = 23. List the prime factors of h.
23
Let w be -2 - 5/((-10)/12). Suppose 8*d = w*d + 8. Suppose 0 = -z + d*q + 20, 2*z - z - 4 = -2*q. What are the prime factors of z?
2, 3
Let q = 170 + -121. List the prime factors of q.
7
Let p = 64 - 2. List the prime factors of p.
2, 31
Let k = -22 + 34. List the prime factors of k.
2, 3
Suppose 4*w = -2*r + 50, -4*r = w - 75 - 11. What are the prime factors of r?
3, 7
Let r = -10 + 14. Suppose b = -0*b + 4*f + 25, -r*f = 20. List the prime factors of b.
5
Suppose -4*u = -7*u + 240. What are the prime factors of u?
2, 5
Suppose -61 = 3*f - 268. List the prime factors of f.
3, 23
Suppose -3*h = 4*o - 1249, 4*h - 4*o = -o + 1632. What are the prime factors of h?
3, 137
Let a(f) = f**2 + 3*f - 3. Let x be a(-5). Suppose 2*g - x = 1. List the prime factors of g.
2
Suppose -22 + 6 = -4*r. Suppose -r*z + 2*z = -2. Suppose -2*m = 3*k - 21, 2*k + z + 1 = 4*m. List the prime factors of m.
3
Let x = -2 + 4. Let y be (-2)/(x + -4)*-18. List the prime factors of (-122)/y + 14/63.
7
Let y = 5 + -4. List the prime factors of (0 - -16*y) + -1.
3, 5
Suppose 3*r + 180 = 7*r. Let n = 148 - 103. Suppose 5*t - r = n. List the prime factors of t.
2, 3
What are the prime factors of 9 - (-7 + 3 - -5)?
2
Suppose -6*w = -w - 5. Let o be (w + -1)/(6/(-2)). Let x = o - -6. What are the prime factors of x?
2, 3
Suppose -10 = 2*y, 0*o - 2*o = 3*y + 5. Suppose 0 = o*j - 2*m + 6 + 69, 4*j + 4*m + 60 = 0. Let g = -8 - j. What are the prime factors of g?
7
Suppose 4*x + 0*x + 8 = 4*q, -4*x - 3 = -3*q. Suppose 0 = o - x*o + 22. What are the prime factors of o?
11
Let d(l) = l**3 + l**2 - l + 2. List the prime factors of d(4).
2, 3, 13
Suppose -g = -3*l + 21, 5*l = 3*g - 7 + 46. Suppose -x + l*x = 105. What are the prime factors of x?
3, 7
Let i = 545 - 325. Suppose -7*y + i = -3*y + 3*x, 0 = -y - 2*x + 55. List the prime factors of y.
5, 11
Let i(u) = -u**3 + 7*u. What are the prime factors of i(-5)?
2, 3, 5
Suppose 4*a - g - 4*g = 121, -2*g - 10 = 0. List the prime factors of a.
2, 3
List the prime factors of (-1794)/(-66) - 4/22.
3
Suppose 0*p + 18 = 3*p. Let d = -4 + p. Suppose 3*k - 61 = -d*k + s, -s = 1. List the prime factors of k.
2, 3
Let t = -2 - -19. Let a = t + -10. List the prime factors of a.
7
Let u = -90 + 36. List the prime factors of 7*(-5)/(105/u).
2, 3
Let g = -11 + 20. What are the prime factors of g?
3
Let i(l) = l - 7. Let r be i(5). Let b be r/(-2) - (3 - 4). Suppose v - 30 = 5*k, b*v + k - 8 = -2*k. List the prime factors of v.
2, 5
What are the prime factors of 30/(5/((-75)/(-10)))?
3, 5
Let d = 4 - 0. Suppose -35 = -j - d*x, 88 = 5*j - 5*x - 12. List the prime factors of j.
23
Suppose -u = 4*u - 10. Suppose -5 + u = -w. List the prime factors of w.
3
Suppose 3*c + 2*c = 0. Let d = c + 10. What are the prime factors of d?
2, 5
Let n(g) = -11*g + 47. List the prime factors of n(-16).
223
Let g = -3 + 3. Suppose g = 2*p + 2*p - 44. List the prime factors of p.
11
Let u(w) = -2*w**3 - 5*w**2 + 5*w - 6. Let i be u(-5). Suppose -i = 2*r - 3*r. What are the prime factors of 2/(-3) + r/6?
3, 5
Let y(v) = 5*v**2 + 3*v + 1. Let n be y(-3). Suppose -3*i + 109 - n = 0. What are the prime factors of i?
2, 3
Suppose -5*b + 20 + 20 = -5*n, -5*b = -4*n - 35. Suppose 20 = c + k - b*k, 3*k = -3*c + 87. List the prime factors of c.
2, 13
Suppose 8*v = 5*v. List the prime factors of (7 + v)*(3 - 2).
7
Let u(n) = -n**2 - 7*n - 2. Let i be u(-6). Suppose -18 = -i*a + 2*a. What are the prime factors of a?
3
Suppose 10*n - 222 = 4*n. What are the prime factors of n?
37
Let a = 109 + -11. What are the prime factors of a?
2, 7
Let s = 257 - 132. List the prime factors of s.
5
Let r be 3*((-4)/(-3))/2. Suppose -i = -r*i + 5. Suppose -8 = -4*d + i*f, 0*d + 3*d - 6 = -5*f. What are the prime factors of d?
2
Suppose 4*h + 6 = -2. Let v be h/8 - (-162)/8. Let m = 32 - v. List the prime factors of m.
2, 3
Let m(z) = z**3 - 7*z**2 + 3*z - 9. Let d be m(7). Suppose -d - 8 = -5*n. What are the prime factors of n?
2
Let t(r) = r**3 - 5*r**2 + 2*r - 5. Let u be t(5). Suppose -u*f + f = -96. List the prime factors of f.
2, 3
Let l(k) = 2*k**2 + 5*k + 6. List the prime factors of l(-5).
31
Suppose -2 = 2*p - p. Let t(s) = -13*s - 2. List the prime factors of t(p).
2, 3
List the prime factors of 120/3 - (1 - -1).
2, 19
Let g(m) be the second derivative of m**4/12 - m**3/2 - 3*m**2 + 4*m. List the prime factors of g(-5).
2, 17
Let w(z) = z + 132. What are the prime factors of w(-30)?
2, 3, 17
Let r = 10 - 6. Let w = r + -16. List the prime factors of -1 - (0/2 + w).
11
Suppose -9*x + 82 = -7*x. What are the prime factors of x?
41
Suppose 3*q = 5*k + 66, 5*k = -q - 23 - 55. Let d = -11 - k. Suppose 19 - d = 3*t. What are the prime factors of t?
5
Let m = 7 + -4. Suppose 13 = m*w - 4*z - 7, 4*z = 4. List the prime factors of w - (3 - 4/2).
7
Let c(a) = a**3 - a**2 + 2. Let k be c(2). Let h = 20 - k. What are the prime factors of h?
2, 7
Suppose -6*p + 8*p - 140 = 0. List the prime factors of p.
2, 5, 7
Suppose -5*p = 4*s - 30, -4*s = -3*p + p - 16. Suppose -3*t + 75 = p*t. What are the